{"id":8155,"date":"2025-04-04T08:59:27","date_gmt":"2025-04-04T08:59:27","guid":{"rendered":"https:\/\/www.rubirock.cat\/?page_id=8155"},"modified":"2025-04-14T09:57:46","modified_gmt":"2025-04-14T09:57:46","slug":"concurs-de-semarreta-de-rubi-rock-2025","status":"publish","type":"page","link":"https:\/\/www.rubirock.cat\/","title":{"rendered":"Concurs de samarreta de Rub\u00ed Rock 2025!"},"content":{"rendered":"\n<figure class=\"wp-block-image size-large is-style-default\"><img loading=\"lazy\" decoding=\"async\" width=\"1024\" height=\"1024\" src=\"https:\/\/www.rubirock.cat\/wp-content\/uploads\/2025\/04\/img-concurs12-1024x1024.png\" alt=\"\" class=\"wp-image-8168\" srcset=\"https:\/\/www.rubirock.cat\/wp-content\/uploads\/2025\/04\/img-concurs12-1024x1024.png 1024w, https:\/\/www.rubirock.cat\/wp-content\/uploads\/2025\/04\/img-concurs12-300x300.png 300w, https:\/\/www.rubirock.cat\/wp-content\/uploads\/2025\/04\/img-concurs12-150x150.png 150w, https:\/\/www.rubirock.cat\/wp-content\/uploads\/2025\/04\/img-concurs12-768x768.png 768w, https:\/\/www.rubirock.cat\/wp-content\/uploads\/2025\/04\/img-concurs12-1536x1536.png 1536w, https:\/\/www.rubirock.cat\/wp-content\/uploads\/2025\/04\/img-concurs12-2048x2048.png 2048w, https:\/\/www.rubirock.cat\/wp-content\/uploads\/2025\/04\/img-concurs12-100x100.png 100w\" sizes=\"auto, (max-width: 767px) 89vw, (max-width: 1000px) 54vw, (max-width: 1071px) 543px, 580px\" \/><\/figure>\n\n\n\n<p>Des de l\u2019Associaci\u00f3 de M\u00fasics Rub\u00edRock us animem a participar en el disseny de la<br>nova samarreta Rub\u00edRock 2025!<br><strong>Participaci\u00f3 fins el 16 de maig<\/strong><\/p>\n\n\n\n<p><strong>Bases del concurs:<\/strong><\/p>\n\n\n\n<ol class=\"wp-block-list\">\n<li><strong>Participants<\/strong>:<br>La participaci\u00f3 \u00e9s oberta a tothom. Cada participant pot presentar una proposta al concurs. <br><\/li>\n\n\n\n<li><strong>Requisits del disseny<\/strong><br><em>a. Autoria<\/em><br>El disseny ha de ser original per part de l\u2019autor\/a i in\u00e8dit. S\u2019admet l\u2019ajuda d\u2019intel\u00b7lig\u00e8ncia<br>artificial. En cap cas seran acceptats dissenys que siguin copiats o incompleixin els drets d\u2019autor d\u2019altres persones i\/o entitats.<br><em>b. Tema<\/em><br>La tem\u00e0tica del disseny \u00e9s lliure. Es valoraran les refer\u00e8ncies al Rock, la m\u00fasica local, la ciutat i la cohesi\u00f3 social en l\u2019\u00e0mbit associatiu.<br><em>c. T\u00e8cnica<\/em><br>La t\u00e8cnica \u00e9s lliure i s\u2019admet a tot color RGB. No obstant, el disseny s\u2019haur\u00e0 de presentar en una versi\u00f3 de mida m\u00e0xima DIN A4 i en format PDF, PNG o JPG. En cas de no ser possible, contacteu amb <a href=\"mailto:rubirock@rubirock.cat\">rubirock@rubirock.cat<\/a>.<br><\/li>\n\n\n\n<li><strong>Entrega i terminis<\/strong><br>L\u2019entrega es far\u00e0 telem\u00e0ticament a rubitock@rubirock.cat. El t\u00edtol del correu electr\u00f2nic<br>haur\u00e0 de ser <em>\u201cNom + Cognoms + SAMARRETA RUBIROCK 2025\u201d<\/em> i en el mateix missatge caldr\u00e0 adjuntar l\u2019arxiu i indicar un <strong>pseud\u00f2nim i un tel\u00e8fon<\/strong> de contacte. En cas de qualsevol dubte, contacteu a la mateixa adre\u00e7a electr\u00f2nica.<br>El termini de presentaci\u00f3 <strong>finalitza el 16 de maig<\/strong>. M\u00e9s enll\u00e0 d\u2019aquesta data no s\u2019acceptar\u00e0 cap proposta.<br><\/li>\n\n\n\n<li><strong>Jurat<\/strong><br><em>a. Composici\u00f3<\/em><br>El jurat estar\u00e0 format pels socis que integren el grup de treball de l\u2019entitat que triaran de les presentades les quatre millors propostes.<br><em>b. Funcions<\/em><br>D&#8217;aquestes quatre, l\u2019elecci\u00f3 final del disseny guanyador\/a es far\u00e0 per consulta a tots els socis de l&#8217;entitat, del que en sortiran el 1r, 2n i 3r.<br>El jurat podr\u00e0 declarar el concurs nul o sense disseny guanyador si considera que cap<br>de les propostes s\u2019ajusta als requisits establerts.<br><\/li>\n\n\n\n<li><strong>Resoluci\u00f3 i premis<\/strong><br>El resultat ser\u00e0 comunicat el <strong>26 de maig <\/strong>per correu electr\u00f2nic als guanyadors\/es del<br>concurs. Aix\u00ed mateix, el resultat es publicar\u00e0 a la p\u00e0gina web i a les xarxes socials de<br>l\u2019entitat.<br>Pel que fa als premis, el\/la guanyador\/a obtindr\u00e0 2 samarretes de regal i un premi en met\u00e0l\u00b7lic valorat en <strong>200\u20ac <\/strong><br>El segon i tercer millor disseny rebran una samarreta de regal respectivament.<br><\/li>\n\n\n\n<li><strong>Acceptaci\u00f3<\/strong><br>La participaci\u00f3 en el concurs representa l\u2019acceptaci\u00f3 de les bases aix\u00ed com tamb\u00e9 la<br>fallada del jurat. Qualsevol cas no previst en les presents bases ser\u00e0 resolt pel jurat i<br>comunicada la decisi\u00f3 mitjan\u00e7ant la web de l\u2019entitat <a href=\"http:\/\/www.rubirock.cat\">www.rubirock.cat <\/a>i les xarxes<br>socials.<br><\/li>\n\n\n\n<li><strong>Exclusions<\/strong><br>Quedaran exclosos del concurs tots aquells dissenys que presentin connotacions de<br>tipus sexista, racista, hom\u00f2foba i ofensives contra les persones.<br><\/li>\n\n\n\n<li><strong>Contacte amb l\u2019organitzaci\u00f3<\/strong><br>Per qualsevol dubte en relaci\u00f3 a la participaci\u00f3 en el concurs, podeu contactar<br>telem\u00e0ticament escrivint a <a href=\"mailto:rubirock@rubirock.cat\">rubirock@rubirock.cat<\/a><\/li>\n<\/ol>\n","protected":false},"excerpt":{"rendered":"<p>Des de l\u2019Associaci\u00f3 de M\u00fasics Rub\u00edRock us animem a participar en el disseny de lanova samarreta Rub\u00edRock 2025!Participaci\u00f3 fins el 16 de maig Bases del concurs:<\/p>\n","protected":false},"author":2,"featured_media":0,"parent":0,"menu_order":0,"comment_status":"closed","ping_status":"closed","template":"","meta":{"footnotes":""},"class_list":["post-8155","page","type-page","status-publish","hentry"],"_links":{"self":[{"href":"https:\/\/www.rubirock.cat\/index.php\/wp-json\/wp\/v2\/pages\/8155","targetHints":{"allow":["GET"]}}],"collection":[{"href":"https:\/\/www.rubirock.cat\/index.php\/wp-json\/wp\/v2\/pages"}],"about":[{"href":"https:\/\/www.rubirock.cat\/index.php\/wp-json\/wp\/v2\/types\/page"}],"author":[{"embeddable":true,"href":"https:\/\/www.rubirock.cat\/index.php\/wp-json\/wp\/v2\/users\/2"}],"replies":[{"embeddable":true,"href":"https:\/\/www.rubirock.cat\/index.php\/wp-json\/wp\/v2\/comments?post=8155"}],"version-history":[{"count":17,"href":"https:\/\/www.rubirock.cat\/index.php\/wp-json\/wp\/v2\/pages\/8155\/revisions"}],"predecessor-version":[{"id":8182,"href":"https:\/\/www.rubirock.cat\/index.php\/wp-json\/wp\/v2\/pages\/8155\/revisions\/8182"}],"wp:attachment":[{"href":"https:\/\/www.rubirock.cat\/index.php\/wp-json\/wp\/v2\/media?parent=8155"}],"curies":[{"name":"wp","href":"https:\/\/api.w.org\/{rel}","templated":true}]}}